c(n).
9
Let p be 10/4 + (-1)/2. Suppose -u = p*u - 57. Let x(k) = -k - 6 + k + k**2 + u. Give x(0).
13
Let j(r) be the first derivative of r**2/2 + 53*r - 2178. Calculate j(-13).
40
Let q(u) = -80*u - 379. Let m(h) = 67*h + 381. Let d(v) = 7*m(v) + 6*q(v). What is d(36)?
-3
Let b(w) = -30*w - 228. Let v(j) = -15*j - 100. Let n(d) = 3*b(d) - 7*v(d). Give n(4).
76
Let d = -7978 + 7965. Let f(p) = p**3 + 15*p**2 + 24*p - 30. What is f(d)?
-4
Let x(v) = v**3 + v**2 - 8*v + 6. Let j(s) = -s**2 + 2*s - 1. Let y(l) = -9*j(l) - x(l). What is y(5)?
28
Suppose -4*o + 25 = 9. Suppose -5*z + 22 = a, -32 = -o*z - 5*a + 9*a. Let k(p) = 4*p - 9. What is k(z)?
11
Let l(c) = -2*c - 18. Let s(g) = -g**2 - 5 + 33 + 2*g**2 + 4 - 21*g. Let j be s(19). Let h be l(j). Let f(q) = q**2 + 7*q - 2. What is f(h)?
-8
Let x(a) = 3*a + 20. Let w be x(-7). Let v be 5 - w/(-3)*9. Let z(m) = 2*m**2 - 11*m - 3 + 18*m - 3*m**v. Calculate z(7).
-3
Let r(l) be the first derivative of -l**5/20 - l**4/6 + l**3/6 - l**2/2 + 187*l + 190. Let p(m) be the first derivative of r(m). Give p(-2).
-3
Suppose 178 = -5*t + 5*l - 422, 480 = -4*t - 3*l. Let x = 123 + t. Let u(b) = -3*b + 2. Give u(x).
-7
Let a(y) = -2*y**2 + 39*y + 18. Let t be a(20). Let m be ((-6)/(-12))/(1/(-20)*t). Let d(x) = 0*x + x**2 - 4 - 7*x + 3*x. Give d(m).
1
Let s(k) = -k**3 + 27*k**2 + 2*k - 64. Suppose 56*n + 96 = 60*n - 4*r, r + 78 = 3*n. Calculate s(n).
-10
Suppose 4*k - 5*l = 129, 2*k + 1 = -4*l + 85. Let d(v) = 2 - 9*v + k*v - 8*v - 14*v - 7*v. What is d(-5)?
12
Let n(w) be the first derivative of -5*w**2 - w + 5 + 9*w**2 - 6*w**2. Suppose 0 = 3*r - 54 + 57. Give n(r).
3
Let h(u) = -2*u**2 - 5*u + 4. Let b(k) = -4*k**2 - 20*k + 17. Let i(j) = -j**2 - j - 1. Let t(m) = b(m) - 5*i(m). Let y be t(13). Give h(y).
-8
Let l = 7523 + -7528. Let n(u) = -u - 8. Calculate n(l).
-3
Let d(k) be the first derivative of 9*k**2 + 5*k - 1193. What is d(0)?
5
Let c(w) = -2 - 17 + 24*w**2 + 5 + 14. Let p be (-2)/8 - 35/20 - -1. Calculate c(p).
24
Let a be ((-960)/360)/((728/(-105))/13). Let q(t) = -3*t - 5*t + 5*t. What is q(a)?
-15
Suppose o = f - 1, 4*f = -3*o + 34 - 9. Let m(l) = -l**3 + 5*l**2 - 3*l - 3. Calculate m(o).
6
Let b(j) = j**3 - 7*j**2 - 22*j + 13. Suppose -3*x = 2*g - 27, 21 = 2*g - 33*x + 34*x. What is b(g)?
-23
Let w(t) = 17*t - 38. Suppose -66 - 62 - 1 = -43*v. Give w(v).
13
Let o(l) be the first derivative of 3*l**2/2 + 2*l + 73. Let p(n) = -2*n - 4. Let s(q) = 3*o(q) + 2*p(q). Give s(2).
8
Let o be (2380/21)/10 - 2/6. Suppose -2*q = -4*k + 4, -3*q = -2*k - 7 + 1. Let b(v) = k - 2 + 0 + o*v. Determine b(-1).
-10
Let v(l) = 3*l**2 - 19. Let s(m) = 13*m**2 - 82. Let w(q) = -2*s(q) + 9*v(q). Suppose -2*b + 3*r - 4 - 1 = 0, -4*r = -4*b. Determine w(b).
18
Let k(v) be the third derivative of -v**5/60 - 7*v**4/12 - v**3 - 6*v**2. Suppose 3*g + 2*j + 31 = 0, -2*j + 108 = -g + 87. Determine k(g).
7
Let n(w) be the second derivative of -w**5/20 + 11*w**4/12 - 2*w**3/3 + 7*w**2 - 13*w - 12. Determine n(11).
-30
Let n = -57 + 145. Suppose -n*k = -93*k. Let a(z) = -z**2 + k*z**2 + 16*z - 7*z - 6 - 2. What is a(6)?
10
Let f(l) = l + 4*l - 4 + 3 + 0*l. Let r be -4 - -7 - 6*1. Let k(x) = -x - 6. Let g be k(r). Calculate f(g).
-16
Let m(s) = -s**3 + 2*s**2 - 6*s - 1. Suppose 0 = -13*u + 5*u - 112. Let d(b) = 3*b**3 - 6*b**2 + 20*b + 4. Let y(k) = u*m(k) - 4*d(k). Determine y(2).
6
Let g be (-15)/60 - (-1)/(-4)*-49. Suppose -c + g = 9. Let t(u) = -u - 4. What is t(c)?
-7
Let o(k) = k**3 + k**2 - 19*k + 4. Suppose 9 = -2*u - c, 2 = -4*c + 6*c. Let t be o(u). Let z(h) = 9*h**3 - h. Determine z(t).
-8
Let r(t) = 9*t - 33. Suppose 2*j + 26 = -2*i, i - 4 + 7 = j. What is r(j)?
-78
Let b = 1367 + -1361. Let h(d) = 2*d + 8. Determine h(b).
20
Let w(p) = -2*p. Let d(u) = u**2 - 7*u + 3. Let f be (-93)/(-7) - (-8)/(-28). Let i = 20 - f. Let c be d(i). What is w(c)?
-6
Let k be (-2)/(2/15*-5). Suppose 0 = -2*i - 4, -4*q - 3*i + 7*i + 12 = 0. Let r(d) = -d**2 + 5*d - 2*d - q - d. Give r(k).
-4
Let p(o) = -o**3 - 6*o**2 - o. Let r(j) = j**3 - 6*j**2 + j - 4. Let f be r(6). Let b be 3/2 - (-1)/f. Suppose -b*d - 10 = 3*d, 0 = 3*z + 2*d + 16. Give p(z).
-28
Let w(v) = 14*v - 3*v - 413*v**2 + 27 + 12*v - 374*v**2 + 789*v**2. What is w(-15)?
132
Let k(w) = 13*w**2 - 17*w + 68. Let o(x) = -32*x**2 + 33*x - 137. Let c(z) = -5*k(z) - 2*o(z). Determine c(4).
-6
Suppose 3*f - 1 - 5 = 0. Let w(s) be the second derivative of s**5/30 - s**3/3 - 263*s**2 - 440*s. Let h(t) be the first derivative of w(t). Give h(f).
6
Let f(z) = -3*z**2 + 77*z - 10. Let a(v) = 3*v**2 - 64*v + 9. Let m(x) = -6*a(x) - 5*f(x). Calculate m(3).
-34
Let a be 106/11 - (-108)/297. Let n be (a + 2 + -11)/1. Let l(v) be the second derivative of 2*v**3/3 - v**2/2 - v. Give l(n).
3
Let u = -4843 - -4846. Let v(j) = -8*j**2 - j + 7. Let p(k) = -7*k**2 - k + 6. Let o(i) = 6*p(i) - 5*v(i). Let t(f) be the first derivative of o(f). Give t(u).
-13
Let m(k) be the third derivative of -k**4/12 + 5*k**3/6 + k**2. Let w = 6130 + -6125. Calculate m(w).
-5
Let a(d) = -d**2 - 9*d + 13. Let t be a(-9). Let m(q) = -12*q**2 + 0*q**3 - 4 + q**3 + 71979999*q - 71980012*q. Calculate m(t).
-4
Let n = -2 - -6. Let r = 96 - 94. Let w(f) = -f**3 + f - 2. Let p(b) = -b**3 - 3*b**2 - b + 1. Let m(x) = r*w(x) - p(x). What is m(n)?
-9
Let p(q) = -q**2 - 14*q - 23. Let h(r) = 6*r**2 + 70*r - 35. Let a be h(-12). What is p(a)?
10
Let m(j) be the third derivative of -j**6/40 - j**5/3 + 7*j**4/24 - j**3/3 + 117*j**2 - 16*j. Determine m(-7).
-2
Let i(k) be the third derivative of -k**7/504 - k**6/144 + 19*k**5/30 + k**2 - 24. Let y(r) be the third derivative of i(r). Determine y(-2).
15
Suppose a = 4*g + 37, -23*a - 2*g + 25 = -22*a. Suppose -5*r + 3*s + 18 + 12 = 0, 4*s + a = 3*r. Let t(z) = 3*z**2 + 2*z - 7. Determine t(r).
26
Let y(w) = -33*w + 5. Let z(x) = -60*x - 146. Let n(r) = 10*y(r) - 5*z(r). Calculate n(26).
0
Let x = -15628 + 15636. Let k(t) = -2*t + 18. What is k(x)?
2
Let s(r) = -r + 2. Let y be (-2)/8 + 210/40 - 101. Let i be (108/y)/(3/(-24)). What is s(i)?
-7
Let u(o) be the third derivative of 0 + 0*o + 1/60*o**5 - 6*o**2 - 5/6*o**3 - 5/24*o**4. Let d = -159 - -164. Give u(d).
-5
Let k(u) = -u - 6. Let s(g) = -43*g**2 + 29*g - 1. Let b be s(-3). Let m = 468 + b. Give k(m).
1
Let t(b) = b**3 + 7*b**2 + 2*b - 2. Let q(h) = -3*h**2 + 42*h - 6. Let f be q(0). Determine t(f).
22
Suppose -4*i = -4, g - 2*g = i - 19. Let w(n) = -4 + 18*n**2 - 32*n**2 + g*n**2 + 8*n - n**3. Let v be (-2)/(-4)*(-20)/(-2). Give w(v).
11
Let s(l) = -l**3 - 33*l**2 - 35*l - 89. Suppose 608 + 924 = -39*u + 284. Calculate s(u).
7
Let m = 98 + -90. Let d(t) be the first derivative of -3 - 7/2*t**2 - 9*t + 1/4*t**4 - 7/3*t**3. Determine d(m).
-1
Let a(p) = -73*p + 2946*p**2 - 2944*p**2 - 22 + 2. Determine a(37).
17
Suppose -3 + 3 = -4*p. Suppose -b = -p - 4. Suppose -3*g + 0*v + 5*v = 16, 4*v = b*g + 16. Let u(n) = -5*n + 1. Give u(g).
11
Suppose 3*q - 23 = -5*g, 0*g - 3*q - 47 = -5*g. Suppose -13*w + 1312 = 1247. Suppose 3 = w*o - g. Let u(s) = s - 2. What is u(o)?
0
Let f(i) = 20*i - 175. Let y be f(9). Let k(m) = -m**3 + 6*m**2 - 6*m + 4. Determine k(y).
-1
Suppose -22*c + 873 + 1173 = 0. Let x be (-7)/3 - (-682)/c. Let f(w) be the second derivative of -w**4/12 + 5*w**3/6 - 5*w**2/2 + w. Give f(x).
-5
Let i = 48 + -45. Suppose i*v + 3 = -3. Let f(x) be the second derivative of -x**5/20 + x**4/12 + x**3/3 - x**2/2 - 36*x + 1. What is f(v)?
7
Let w = -6651 - -6656. Let l(a) = -2*a**3 + 19*a**2 - 7*a + 6. Let f(p) = p**3 - 9*p**2 + 4*p - 3. Let o(u) = 7*f(u) + 3*l(u). Determine o(w).
7
Let g(d) = 2*d + 3. Let o be (-15)/10*12/(-9). Suppose 4*c + o*j - 18 = 0, 3*c - j + 14 = 3*j. Suppose 15 = -3*u, 4 = -c*w + 4*u - 2*u. What is g(w)?
-11
Let q(r) = -r**2 + 4*r - 6. Let i(g) = -g - 5. Let w = -66 - -53. Let n(d) = -d**2 - 13*d - 9. Let t be n(w). Let h be i(t). Determine q(h).
-6
Suppose 26 = 14*b - 16. Let o(h) = -7*h - 9*h + b - 2*h + 16*h. Determine o(2).
-1
Let k(a) = -6*a + 89. Let i be k(11). Suppose i*g - 135 = 38*g. Let m(u) = -u + 1. Give m(g).
10
Let p(g) = g + 8. Suppose -10*t = -0*t + 4500. Let r = 458 + t. What is p(r)?
16
Let p be (1 - (7 + -6)) + -16. Let y be p/(-28)*(-42)/4. Let j(w) = -3*w + 1. Determine 